
Is 582851 composite?
False
Is 49433677 composite?
False
Is 1370497 a prime number?
False
Is 20842483 prime?
True
Is 169374809 composite?
False
Is 13672111 composite?
False
Is 1996013 a prime number?
True
Is 589367 prime?
False
Is 51864117 composite?
True
Is 2300357 a prime number?
True
Is 14426059 a composite number?
False
Is 5058071 composite?
True
Is 7824155 composite?
True
Is 396563 a prime number?
True
Is 4075559 composite?
False
Is 100529173 composite?
True
Is 3528463 a prime number?
True
Is 17482961 a composite number?
False
Is 15268349 prime?
False
Is 35776543 a prime number?
False
Is 1003823 a prime number?
False
Is 77552387 a prime number?
False
Is 3749689 a composite number?
True
Is 1311361 a prime number?
False
Is 15477149 a prime number?
True
Is 22093727 a prime number?
False
Is 4220491 prime?
False
Is 91501 composite?
True
Is 8122497 composite?
True
Is 7912893 a prime number?
False
Is 51415841 composite?
False
Is 4420054 a prime number?
False
Is 4198013 composite?
False
Is 1548163 a prime number?
False
Is 24964397 a prime number?
True
Is 53960063 a prime number?
True
Is 132561391 composite?
False
Is 54681647 prime?
True
Is 760390349 a composite number?
False
Is 844217827 prime?
True
Is 9059021 composite?
False
Is 8481911 prime?
True
Is 469326727 composite?
True
Is 435103 a prime number?
True
Is 21864707 composite?
True
Is 254815139 a composite number?
False
Is 3167191 a prime number?
True
Is 2953421 a composite number?
False
Is 39067663 a prime number?
True
Is 414173 a prime number?
False
Is 27019085 a composite number?
True
Is 40867985 composite?
True
Is 4686586 composite?
True
Is 52703857 composite?
True
Is 1363297 a composite number?
True
Is 545415757 prime?
True
Is 426593257 a prime number?
False
Is 1009057255 a composite number?
True
Is 15947227 prime?
True
Is 505157 composite?
False
Is 477879169 prime?
True
Is 1434701 composite?
True
Is 132533657 composite?
False
Is 180463 a prime number?
True
Is 935639 a prime number?
True
Is 26431993 composite?
True
Is 61813 a prime number?
True
Is 14960339 a prime number?
False
Is 753839 a prime number?
True
Is 4274831 a composite number?
True
Is 20891971 composite?
False
Is 613271 a prime number?
False
Is 177985 a prime number?
False
Is 7116119 a prime number?
True
Is 730427 a prime number?
False
Is 4951307 a composite number?
True
Is 177107 a composite number?
True
Is 2050363 composite?
True
Is 12603055 composite?
True
Is 15462011 prime?
True
Is 49166399 a composite number?
True
Is 48675779 prime?
True
Is 2512087 a prime number?
True
Is 21351943 prime?
True
Is 18782879 prime?
False
Is 30692839 a composite number?
False
Is 297524158 prime?
False
Is 473639 a prime number?
False
Is 58826611 a prime number?
False
Is 72652093 composite?
True
Is 6713579 prime?
True
Is 241631093 a prime number?
False
Is 19365757 composite?
False
Is 49199285 a composite number?
True
Is 64147673 a composite number?
True
Is 12488023 prime?
True
Is 216759103 a prime number?
False
Is 7591187 prime?
False
Is 101543257 a composite number?
True
Is 1750955 a composite number?
True
Is 101889221 a prime number?
False
Is 4201051 prime?
True
Is 42856783 a composite number?
True
Is 9917009 a composite number?
False
Is 23251739 prime?
False
Is 27440681 a composite number?
True
Is 87751 a prime number?
True
Is 5637469 prime?
True
Is 781667 composite?
True
Is 4164949 a prime number?
False
Is 2654017 a composite number?
True
Is 159545101 a prime number?
True
Is 35199407 a prime number?
False
Is 46775459 composite?
False
Is 33548221 a prime number?
False
Is 1957595 a prime number?
False
Is 5551507 composite?
True
Is 9094357 a prime number?
True
Is 19391051 a composite number?
True
Is 13739659 a prime number?
True
Is 9699749 prime?
True
Is 47954717 composite?
False
Is 64475123 a prime number?
False
Is 13399811 composite?
False
Is 18125801 prime?
True
Is 1703890309 prime?
False
Is 25619359 a prime number?
True
Is 9432197 prime?
True
Is 22049347 prime?
True
Is 373958727 a prime number?
False
Is 3614629 prime?
False
Is 184371986 composite?
True
Is 11922397 a prime number?
True
Is 37649 a composite number?
False
Is 27762379 prime?
True
Is 970603 a prime number?
True
Is 155693 a composite number?
False
Is 19436591 prime?
True
Is 448596613 composite?
False
Is 14981077 composite?
False
Is 172223689 prime?
False
Is 51293447 composite?
False
Is 47235049 a composite number?
True
Is 71331959 a composite number?
False
Is 68418551 a prime number?
True
Is 2232985 composite?
True
Is 130126 a prime number?
False
Is 386055491 a prime number?
True
Is 886474 a prime number?
False
Is 7567793 a composite number?
False
Is 2924167 composite?
False
Is 25603847 a prime number?
True
Is 263527 composite?
True
Is 15620789 a composite number?
False
Is 17260651 a prime number?
True
Is 238024469 a prime number?
True
Is 8808277 composite?
True
Is 7010305 composite?
True
Is 8531683 a prime number?
True
Is 39407 prime?
False
Is 17669147 a prime number?
True
Is 221577171 composite?
True
Is 1836167 a composite number?
True
Is 5236565 a composite number?
True
Is 2636123159 composite?
False
Is 30647677 a composite number?
True
Is 11941001 a composite number?
True
Is 67331479 prime?
True
Is 557 prime?
True
Is 96097354 a composite number?
True
Is 13678759 prime?
True
Is 147840649 composite?
True
Is 10213953 prime?
False
Is 228077 a composite number?
False
Is 625801 a composite number?
True
Is 14934098 prime?
False
Is 2163421 composite?
True
Is 1647827 composite?
True
Is 44763379 a composite number?
False
Is 17875063 a composite number?
True
Is 30440939 a prime number?
True
Is 3858913 prime?
False
Is 1008181 a composite number?
False
Is 377720809 a prime number?
False
Is 8711033 a prime number?
True
Is 34802221 a composite number?
False
Is 14028389 a prime number?
False
Is 142904759 composite?
True
Is 5175187 prime?
True
Is 62480623 composite?
False
Is 17172541 a composite number?
True
Is 554693009 composite?
True
Is 10509901 prime?
True
Is 49729 a prime number?
False
Is 94703393 a composite number?
True
Is 952649 a composite number?
False
Is 19054927 a prime number?
True
Is 808608673 prime?
False
Is 146023463 a prime number?
True
Is 12119803 composite?
True
Is 704507 prime?
True
Is 133234133 composite?
True
Is 390508379 prime?
True
Is 6718319 composite?
False
Is 11731567 prime?
False
Is 260473 a composite number?
True
Is 128743 composite?
True
Is 355409 a prime number?
False
Is 123033059 a composite number?
True
Is 43466239 prime?
True
Is 52704503 prime?
False
Is 61571003 prime?
False
Is 4673833 a prime number?
True
Is 20841035 a composite number?
True
Is 17876141 a prime number?
True
Is 2001559 a prime number?
False
Is 56067367 a composite number?
False
Is 197198369 prime?
True
Is 22233605 composite?
True
Is 28039859 a composite number?
True
Is 938939 composite?
False
Is 257520245 a composite number?
True
Is 80366687 composite?
False
Is 189958261 a prime number?
True
Is 7376251 composite?
True
Is 68399 composite?
False
Is 1656653 a composite number?
True
Is 221212813 prime?
True
Is 4392797 composite?
False
Is 3409459 composite?
False
Is 1482151 a composite number?
True
Is 5321033 a composite number?
True
Is 52863701 prime?
False
Is 166289573 prime?
True
Is 131666953 prime?
False
Is 11835121 a prime number?
True
Is 396401 a composite number?
True
Is 703331 a prime number?
True
Is 43332361 composite?
True
Is 2690317 prime?
False
Is 1135997 composite?
False
Is 129523987 composite?
False
Is 74225429 a composite number?
False
Is 12046159 prime?
False
Is 390682 prime?
False
Is 56109959 prime?
True
Is 353883913 composite?
False
Is 8420311 prime?
True
Is 64649551 a prime number?
True
Is 5462581 composite?
False
Is 1354105 composite?
True
Is 248464669 prime?
False
Is 584621 composite?
False
Is 12048063 a composite number?
True
Is 1024357 composite?
False
Is 66072371 a composite number?
False
Is 52325899 prime?
False
Is 1487299 a prime number?
False
Is 1345945109 a prime number?
True
Is 6493741 prime?
True
Is 3416353 a prime number?
True
Is 1512421 prime?
True
Is 1939359 composite?
True
Is 1695583 prime?
False
Is 13797722 a prime number?
False
Is 15913565 composite?
True
Is 269637671 composite?
True
Is 14383273 composite?
False
Is 4690219 a prime number?
True
Is 39428317 